 prime factors of u?
107
Let h(p) = -19*p + 155. Let i be h(8). Suppose 2*x + 2 = -i*y + 22, 3*x - 30 = -y. List the prime factors of x.
2, 5
List the prime factors of (-64)/(-2) + -10 - -55669.
55691
Suppose 612*h + 86823 = 645*h. What are the prime factors of h?
3, 877
Let m be -1 - ((6 - -1) + -8). Suppose m*i = 3*t - i - 77, 0 = 3*t - 4*i - 92. List the prime factors of t.
2, 3
Let c be (259 - (8 - 2))*-1. Let k = c + 496. What are the prime factors of k?
3
Let a(u) = 32*u**2 - 86*u - 183. What are the prime factors of a(22)?
3, 17, 263
Let j = 11254 + 24262. What are the prime factors of j?
2, 13, 683
List the prime factors of (-132)/(-297)*9/(-2) + 35*564.
2, 71, 139
Let w be (5/3)/(4/((-2016)/(-20))). Suppose -w*p + 31*p + 55 = 0. What are the prime factors of p?
5
Suppose 147*p - 4*u + 17422 = 149*p, p - 8691 = 2*u. List the prime factors of p.
7, 11, 113
Let b = -38 + 54. Suppose b = o + 11. Suppose -3*y - 558 = 7*g - 11*g, o*g - y - 692 = 0. What are the prime factors of g?
2, 3, 23
Let r be (-4)/3 - 8/(-6). Suppose r = -4*x + 5*c + 1403, 3*c + 8 = 2*x - 693. Suppose 3*p + 5*v = 532, -2*p - v = v - x. What are the prime factors of p?
2, 3, 29
Suppose -12*i + 10259 + 15637 = 0. Suppose -3*l + 4*r = -4352, -4*l + 3686 = 5*r - i. What are the prime factors of l?
2, 7, 13
Suppose 103765 - 51721 = 13*o - 323500. List the prime factors of o.
2, 23, 157
Let u(s) be the third derivative of s**6/15 - s**5/12 - s**4/4 + 5*s**3/2 - 159*s**2. What are the prime factors of u(4)?
3, 47
Let w be (0 - -2)/(3/18). Let q be (1288/w)/((-4)/6 - -1). Suppose -z + j = -3*j - 98, -4*z + q = -2*j. What are the prime factors of z?
2, 3, 13
Suppose 2*g = -3*j - 17, -7 = 3*j - g + 25. Let t(b) = 7 + 0 - 6*b - 3*b. What are the prime factors of t(j)?
2, 11
Let s be (10/8)/((-2)/(-576)). Suppose 4*u + 0*u = -s. Let a = -13 - u. List the prime factors of a.
7, 11
Let c = 7422 + 15922. What are the prime factors of c?
2, 1459
Let r = 486 - 483. Suppose r*b = 32*b - 19111. What are the prime factors of b?
659
What are the prime factors of (-1 - -114)*(84 + -1)?
83, 113
Suppose 45 = 22*t - 21. Suppose -f - 1673 = -3*o + f, 5*f + 1685 = t*o. What are the prime factors of o?
3, 5, 37
Suppose 2*z + 1 = 3. Let m(r) be the first derivative of 34*r**3/3 - 3*r**2/2 + 2*r + 32. List the prime factors of m(z).
3, 11
Let b be (-59)/(-118) - 8699/(-2). Suppose -17*x + b = -5629. List the prime factors of x.
587
Let c = 15136 - -829. What are the prime factors of c?
5, 31, 103
Suppose -2*l + 3 = 15. Let b = 8422 + -8394. List the prime factors of 2/(b/l) - (-1882)/14.
2, 67
Let z be 6/(-12)*(-11)/(11/(-10)). Let x be (-166)/12*2*-3. Let u = x + z. What are the prime factors of u?
2, 3, 13
Let k = 9 + 33. Suppose -f - k + 206 = 4*j, 0 = 2*f - j - 346. List the prime factors of f.
2, 43
Suppose 3*z - 5*i - 93014 = 0, 7*i + 62010 = 2*z + 4*i. What are the prime factors of z?
2, 3, 17, 19
Suppose -4*p = 10 + 226. Let a = -55 - p. Suppose -2*x = a*u - 44, 25 = 4*u + u. What are the prime factors of x?
2, 3
Let y(z) = -2*z**2 - 20*z + 17. Let u(x) = x**2 + 21*x - 16. Let q(j) = -3*u(j) - 2*y(j). Let s be q(13). Let v = 185 + s. List the prime factors of v.
3, 23
List the prime factors of 2*2 - (-17 - -28 - 18814).
3, 6269
Let c(o) = -o**3 + 18*o**2 - 12*o + 4. Let f be c(16). Suppose 150*g - 147*g = f. Suppose p = -4*z + 225, 2*z - 2*p + g = 4*z. List the prime factors of z.
3, 19
Let d(c) be the first derivative of c**4/6 + 13*c**2/2 + 16. Let t(a) be the second derivative of d(a). What are the prime factors of t(6)?
2, 3
Let y(h) = -h**3 - 15*h**2 + 13*h - 23. Let w be y(-16). Suppose -63 = -w*q + 28*q. Let p = q + 104. What are the prime factors of p?
83
Suppose -52*q + 27*q + 2293776 = 26*q. What are the prime factors of q?
2, 3, 937
Suppose 30 = -2*s + 8*s. Let z(b) = s*b**3 - 4*b**3 + 0 - 7 + 7*b**2 - 6*b - 2*b**3. List the prime factors of z(5).
13
Let k(h) = -567*h - 47. List the prime factors of k(-23).
2, 73, 89
What are the prime factors of (-13294)/(-14) - 60/(-42)?
3, 317
Let x(d) = 58*d - 32. Suppose -3*l = -l - 20. Let z be x(l). Suppose -2*k = -7*k + 2*i + 694, 4*k - z = -2*i. What are the prime factors of k?
2, 3, 23
Let a(b) = -2*b + 4. Let p be a(-2). Suppose 0 = 2*l - 3*k + p + 51, -108 = 4*l - 4*k. Let w = l + 90. What are the prime factors of w?
2, 17
Let y = -1397 + 332. Let x = y - -1607. List the prime factors of x.
2, 271
Let n = 149 + -146. Suppose 691 = n*i - 1610. What are the prime factors of i?
13, 59
Suppose 5*n - 4 = 21. Suppose 5*i - 974 = n*b - 2*b, 0 = 5*i - 5*b - 980. Suppose i = 6*d - 53. What are the prime factors of d?
41
Suppose 45 = 6*u - 27. Suppose u*p + 59 = 407. What are the prime factors of p?
29
Suppose 0*i + 2*i - 46 = -2*x, i + 5*x - 3 = 0. Let f be 2023/i + (-3)/12. Suppose -f = z - 219. List the prime factors of z.
3, 7
Suppose -19*q + 114528 + 287645 = 0. List the prime factors of q.
61, 347
Let j = -1187 + -129. Let n = j - -1867. What are the prime factors of n?
19, 29
Let d be (-3)/(-2)*288/16. Let p be 7/((-21)/d) + 1. List the prime factors of 14*((-36)/p + 2).
7, 13
Suppose s + 5*a = 1324 + 1168, 3*s - a = 7476. Suppose -s = -16*b + 9*b. What are the prime factors of b?
2, 89
Let w(o) be the third derivative of 13*o**4/6 + 22*o**3/3 + 30*o**2. List the prime factors of w(5).
2, 19
List the prime factors of -6*(-40)/48 - (1 + -4519).
4523
Let y(h) = -10458*h**3 - 2*h**2 - 7*h - 4. What are the prime factors of y(-1)?
10459
Suppose 0 = 5*b - 4*a - 5616, a - 6*a = b - 1100. Suppose -10 = 4*o - 38. Suppose 0*q - b = -o*q. What are the prime factors of q?
2, 5
List the prime factors of 1 + ((-60536)/(-7))/1 + -1.
2, 23, 47
Let m be (37/2)/((-10)/260). Let h = 823 + m. Suppose 0 = -2*g + 5*n + 326, 2*g - 4*g + n + h = 0. List the prime factors of g.
173
Suppose -4*c = 7 - 31. Suppose -c*s = -16 + 100. List the prime factors of 441/(-18)*24/s.
2, 3, 7
Let d(x) = -x**2 - 25*x - 24. Let r be 0 + 3 + (-5)/1 + -13. List the prime factors of d(r).
2, 3, 7
Let x be (900 - 8)/(6/(-3)). Let i = 1443 + x. List the prime factors of i.
997
Let q(c) = c**2 - 6*c + 11. Let o be q(2). Suppose o*r + 552 = 4*r. List the prime factors of r.
2, 3, 23
Let k(t) = -3*t + 124. Let p be k(0). Let h = p + -5. Suppose 3*o = h + 214. List the prime factors of o.
3, 37
Suppose 24*f = -3597 + 36813. List the prime factors of f.
2, 173
Let d(o) = -154*o + 19. Let n be d(-15). Suppose 6*z = n - 595. List the prime factors of z.
17
Suppose -12*q + 12037 + 11707 = -11992. What are the prime factors of q?
2, 1489
Suppose -r - 4*h + 6 = r, -3*r - 3*h + 9 = 0. Let s be (-1410)/(-45)*r/2. Let q = s - 14. List the prime factors of q.
3, 11
Let b = 2889 + -352. What are the prime factors of b?
43, 59
Let u be (-2931)/(-9) - (-4)/(-6). Let q be -10 + 6/6*13. List the prime factors of (-14)/(-21) + u/q.
109
Let m be (-6)/((-2)/((-16)/(-24))). Suppose -3*n - m*x + 1482 = 0, n - 5*x + 10*x - 494 = 0. List the prime factors of n.
2, 13, 19
Let g(c) = c**3 + 4*c**2 - 7*c - 17. Let h be g(-6). Let q = h + 458. What are the prime factors of q?
3, 137
Let l be -1 - (2 - -14)/(-1). Suppose -8*f + l*f - 6923 = 0. What are the prime factors of f?
23, 43
Suppose -7*u + 35 + 7 = 0. Let m(p) = -p**3 + p**2 - 8*p + 20. Let j be m(u). List the prime factors of 2 + (9/(-2))/(8/j).
7, 17
Let r(s) = s**3 + 28*s + 2 + 10*s + 0 - 21*s**2. Let n be r(19). List the prime factors of 136 + 5 + 12/(-2 - n).
2, 3, 23
Suppose 73*v - 62*v - 56463 = 0. What are the prime factors of v?
3, 29, 59
Suppose -4*k + 3075 - 44491 = -2*l, -5*k = 4*l - 82806. List the prime factors of l.
2, 647
Let k be 5/((-2 - -1)/(-1)) - 3. Suppose k*m + 920 = 12*m. What are the prime factors of m?
2, 23
Let d(t) = -488*t - 7334. List the prime factors of d(-95).
2, 13, 19, 79
Let x = 23003 - 1796. List the prime factors of x.
3, 7069
Suppose 93 = 3*f + 4*g - 0*g, -3*f = g - 84. Suppose 0*s - 3*s - p + 358 = 0, -p - 362 = -3*s. Let w = s - f. List the prime factors of w.
3, 31
Suppose 2*u + 45 = 3*m, -50*m + 3 = -51*m. Let r(i) = 2*i**2 + 11*i - 107. What are the prime factors of r(u)?
2, 17, 31
Let m(y) = y**3 - 5*y**2 - 8*y. Suppose -5*h + t = -0*t - 217, -3*t = -4*h + 167. Let q be 2/(-8)*-31 + 11/h. List the prime 